, what is -16541 - 7?
-16550
In base 5, what is 422120 - -34?
422204
In base 5, what is -3034113 + 1?
-3034112
In base 12, what is 1565 - -9?
1572
In base 2, what is 1001110010001000011 - -100?
1001110010001000111
In base 2, what is -1 - -1010011000110001?
1010011000110000
In base 2, what is -10100 + -1011000010?
-1011010110
In base 15, what is 2cec1 - -4?
2cec5
In base 3, what is -110 + -2021120?
-2022000
In base 14, what is -2 + 935?
933
In base 9, what is 3255 - 34?
3221
In base 14, what is 25 - 1a8?
-183
In base 7, what is 14543 - 2?
14541
In base 3, what is -212111 + -1210100?
-2122211
In base 13, what is 34 + -1254?
-1220
In base 15, what is -3 + -6b0?
-6b3
In base 2, what is 10101001101 - 10000001?
10011001100
In base 12, what is -b2 + 2659?
2567
In base 6, what is -1333 + -3233?
-5010
In base 7, what is -6 - 2426023?
-2426032
In base 4, what is 31030232 + -10?
31030222
In base 6, what is -2 - -115234?
115232
In base 2, what is -100100101100011100110 + 1?
-100100101100011100101
In base 13, what is -52 + 257?
205
In base 5, what is -210023 - -10?
-210013
In base 6, what is -24 + 23250?
23222
In base 15, what is -941 - -b?
-935
In base 10, what is -5 - 925936?
-925941
In base 10, what is -731781 - 2?
-731783
In base 12, what is 201a5 + -1?
201a4
In base 7, what is 6103 + 31?
6134
In base 12, what is 2aa405 + -1?
2aa404
In base 4, what is 23 + 30013333?
30020022
In base 8, what is 0 + -32760?
-32760
In base 7, what is 11645 + -66?
11546
In base 2, what is -11011011 + -1111110011?
-10011001110
In base 7, what is -3 + 1002406?
1002403
In base 6, what is -3424 - -4042?
214
In base 6, what is 5055545 - 2?
5055543
In base 3, what is 10 - -110200100002?
110200100012
In base 13, what is 26 + 38a?
3b3
In base 5, what is -1431241 + 12?
-1431224
In base 16, what is 53 - -b11?
b64
In base 6, what is 21 + 105544?
110005
In base 4, what is 2 + 11031310?
11031312
In base 4, what is 1211 - -1032211?
1100022
In base 5, what is 11411 - -40?
12001
In base 11, what is -1882 + -621?
-23a3
In base 14, what is -49 - -801c?
7db3
In base 12, what is -11b64b + 1?
-11b64a
In base 4, what is 2 + 133322233?
133322301
In base 13, what is -293 + -1b6?
-479
In base 2, what is 1001010010 - -1000?
1001011010
In base 5, what is -14020434 + 3?
-14020431
In base 4, what is 0 + -3202230?
-3202230
In base 11, what is 288 + -347?
-6a
In base 14, what is 40234 + -4?
40230
In base 15, what is 46557 + -9?
4654d
In base 12, what is 13a - 6?
134
In base 4, what is -1220 + 101020?
33200
In base 9, what is -661 - -618?
-42
In base 14, what is -81d2c8 + -1?
-81d2c9
In base 12, what is -5 - 59bb?
-5a04
In base 14, what is -4 + -b0300?
-b0304
In base 9, what is -83072 + 6?
-83065
In base 12, what is 7a + -24b?
-191
In base 11, what is 77827 - 5?
77822
In base 13, what is 1a + -4353?
-4336
In base 2, what is -111100010110000100 - 100?
-111100010110001000
In base 13, what is -4b - 503?
-551
In base 2, what is -110111010000001 - 101?
-110111010000110
In base 6, what is 1 - -3145?
3150
In base 13, what is 135a6 - -2?
135a8
In base 11, what is 8 - 2831?
-2824
In base 10, what is -2 - 1194384?
-1194386
In base 3, what is 12021100221 + 11?
12021101002
In base 9, what is 152560 + 7?
152567
In base 10, what is 14262 + -1?
14261
In base 15, what is -1d4b + 2?
-1d49
In base 13, what is -6933 + 2?
-6931
In base 2, what is 101010 - -1111101110011010?
1111101111000100
In base 2, what is -10001111100 - 1001000011?
-11010111111
In base 5, what is 132 - 4404?
-4222
In base 8, what is 3621351 - -4?
3621355
In base 10, what is 10018 + 16?
10034
In base 16, what is -b57 + 24a?
-90d
In base 6, what is 300044 - 3?
300041
In base 15, what is 112 - -56e?
681
In base 6, what is 532 - -10201?
11133
In base 9, what is 1 - -5082?
5083
In base 11, what is 351 + a6?
447
In base 16, what is 27f90 + 4?
27f94
In base 2, what is -1010 + -10100110100001?
-10100110101011
In base 10, what is -115415 + 2?
-115413
In base 10, what is -30 - 380?
-410
In base 11, what is 5 + -3569?
-3564
In base 16, what is -1 + -3619?
-361a
In base 8, what is -30504 - 10?
-30514
In base 3, what is 0 + 112211021112?
112211021112
In base 2, what is 111001010 - -10011010111?
11010100001
In base 13, what is 8396c - -4?
83973
In base 8, what is -160 + -1037?
-1217
In base 2, what is -101 + 11010001010001100011?
11010001010001011110
In base 14, what is -3 - -cc4?
cc1
In base 3, what is -100 + 110110221100?
110110221000
In base 11, what is -19 - -14a51?
14a33
In base 7, what is -560 + 2103?
1213
In base 16, what is 5 - 32bf?
-32ba
In base 8, what is 1 - -754737?
754740
In base 2, what is 1 - -1000101110010100111?
1000101110010101000
In base 3, what is -1012011100 - -10?
-1012011020
In base 16, what is 0 + -28d2?
-28d2
In base 5, what is 2 + -404113?
-404111
In base 7, what is -246653 - -1?
-246652
In base 13, what is -30 - 2069?
-2099
In base 11, what is -30181 + -74?
-30245
In base 6, what is 10013 - -10101?
20114
In base 10, what is -7635 - -15?
-7620
In base 2, what is 100010000111 - -111111?
100011000110
In base 15, what is -2246 - -c2?
-2174
In base 2, what is 1001 - -10110001000110?
10110001001111
In base 12, what is -1933 + -64?
-1997
In base 14, what is 265789 - 0?
265789
In base 11, what is -37 + 24787?
24750
In base 16, what is -41 - -b24?
ae3
In base 14, what is -1a + 19?
-1
In base 5, what is 22213402 - 12?
22213340
In base 3, what is -11102002122 - 121?
-11102010020
In base 14, what is 9b + -1a?
81
In base 7, what is 226 + -5343?
-5114
In base 14, what is -4 + 416c0?
416ba
In base 2, what is -1001111101 - -11010110?
-110100111
In base 12, what is -1 - -23582b?
23582a
In base 8, what is -2 - 4135?
-4137
In base 14, what is -146d + -3d?
-14ac
In base 2, what is 10011111101 - -100101?
10100100010
In base 11, what is -10 + -44?
-54
In base 9, what is 1 - -164658?
164660
In base 5, what is -3204241 - -10?
-3204231
In base 16, what is -3 + -20c15?
-20c18
In base 10, what is 7694 + 60?
7754
In base 12, what is 47b00 + -36?
47a86
In base 4, what is 2 - -13111313?
13111321
In base 2, what is 1100 + 111110000111101?
111110001001001
In base 11, what is -191 - -907a?
8999
In base 16, what is -81 + -c2c?
-cad
In base 10, what is -975 - 2080?
-3055
In base 13, what is -5 - -9424?
941c
In base 6, what is -5 + 5154114?
5154105
In base 8, what is -10 - -253746?
253736
In base 2, what is -1 - -100110100011010101?
100110100011010100
In base 6, what is 3 - 1102?
-1055
In base 2, what is 101100101 + -1111111?
11100110
In base 12, what is -1673 - 52?
-1705
In base 6, what is -1202 + -32255?
-33501
In base 14, what is 2b9d - -2c?
2bcb
In base 8, what is -241763 + 7?
-241754
In base 4, what is 1 - -111022022?
111022023
In base 16, what is -21 + -c73?
-c94
In base 10, what is 341 - 39?
302
In base 3, what is 202 + -1222211?
-1222002
In base 12, what is -2a - 10328?
-10356
In base 5, what is -22324303 - -3?
-22324300
In base 6, what is 412 - 444?
-32
In base 14, what is 1898 - -61?
1919
In base 13, what is 16a4 + -7?
169a
In base 4, what is -11 + 233022?
233011
In base 13, what is 8 - -505a?
5065
In base 9, what is 40132 + 5?
40137
In base 12, what is 6816 - -3b?
6855
In base 9, what is 504821 - -3?
504824
In base 4, what is 0 + -233210?
-233210
In base 3, what is 1011 - -21001?
22012
In base 16, what is -b0e7 - -4?
-b0e3
In base 3, what is 112011012021 + 11?
112011012102
In base 13, what is 173 - -296?
439
In base 7, what is -14210 - -503?
-13404
In base 14, what is -416 - 25?
-43b
In base 5, what is 21100 + 321?
21421
In base 3, what is -1221001012 + -2?
-1221001021
In base 2, what is -11010 + -110010010?
-110101100
In base 11, what is -3 + -2838?
-2840
In base 14, what is 110b + 2c?
1139
In base 7, what is 341532 - -3?
341535
In base 10, what is -27931 - 28?
-27959
In base 10, what is 7 - -855?
862
In base 11, what is -4 - -225a9?
225a5
In base 16, what is 1377d9 + -3?
1377d6
In base 6, what is -13 + 100030?
100013
In base 6, what is -2522255 + 5?
-2522250
In base 3, what is 102202 - 20121?
12011
In base 14, what is -435d5 + 0?
-435d5
In base 2, what is -100110110 - -1100110?
-11010000
In base 5, what is 343133432 + -4?
343133423
In base 3, what is -11021202120012 + -12?
-11021202120101
In base 6, what is -123251 - -5?
-123242
In base 13, what is -55a + 6